mmon factor of l and q?
24
Let x(b) = 4*b - 24. Let k be x(8). Let d = -2 - -4. Calculate the highest common divisor of k and d.
2
Let i be 20*(3 + (-219)/(-15)). Suppose 3*k = 7*k - i. Suppose -3*a - 32 = -7*a. What is the greatest common divisor of a and k?
8
Suppose -3*y + o + 132 = 0, -y - 3*o = -o - 51. Suppose -3*s = -3*f - 6, 6 = 3*f - f. What is the highest common divisor of y and s?
5
Suppose 5*s + 50 = 2*z, z + 2*s - 100 = -3*z. Calculate the greatest common divisor of 225 and z.
25
Suppose -5*k + 9 = -6. Suppose -t - 3*r - 1113 = -k*t, -1698 = -3*t - 5*r. Suppose 3*b - 6*b = -t. Calculate the greatest common divisor of 17 and b.
17
Let j(g) = -g**2 - 12*g - 4. Let n be j(-8). What is the greatest common divisor of 140 and n?
28
Suppose 5*a = -4 + 14. Suppose 1 = a*u - 1. Calculate the greatest common factor of u and 1.
1
Suppose 0 = -14*i + 676 + 108. Let r = -65 - -120. Suppose 575 = 4*v - 5*n, 2*v - r = n + 228. What is the greatest common divisor of i and v?
28
Let p = 96 - 68. Calculate the highest common factor of p and 70.
14
Suppose 11*y - 34 - 21 = 0. Suppose 6*q - 100 = 2*q. Calculate the highest common divisor of q and y.
5
Let j(t) = 15*t**2 - t - 1. Let o be j(2). Let n = o - -15. Let x = -12 - -20. Calculate the highest common divisor of n and x.
8
Let i = 29 + -53. Let a be ((-3)/(-9))/((-2)/i). Let h be a/(16/(-22))*-2. What is the greatest common divisor of 44 and h?
11
Suppose 4*v - 3*b = 17, -5*b = 2*v - b + 8. What is the greatest common factor of 2 and v?
2
Let d = 39 + -23. Suppose -4*v + d = -16. What is the highest common divisor of v and 64?
8
Let y(v) = -v**2 - 4*v + 3. Let n be y(-4). Let j be n/(-2)*4/(-6). What is the greatest common factor of j and 2?
1
Suppose -3*v - 185 = 2*r + 55, 3*r = 9. Let y = v - -262. What is the highest common divisor of 20 and y?
20
Suppose -47 = -3*u - 5*v, 2*u - v = -4*v + 31. Calculate the highest common divisor of u and 112.
14
Let a = 74 + -66. What is the highest common divisor of 88 and a?
8
Let m = -184 - -189. Calculate the greatest common divisor of 80 and m.
5
Let s = 1 + 1. Suppose -s*y + 3*y = 14. Suppose 64 = l + 8. What is the greatest common factor of l and y?
14
Let c = 87 + -65. Calculate the highest common divisor of 66 and c.
22
Let k = 17 - 11. Suppose -4*b + k*w + 132 = 2*w, 0 = w. Suppose 4*u - 49 = -5*y, -3*y - 52 = -8*u + 3*u. What is the greatest common factor of u and b?
11
Suppose -3*j - 3 = -4*h, -6*h + 3*j = -3*h. What is the highest common factor of h and 3?
3
Let n(k) = -k**2 + 5*k - 3. Let l(p) = p - 2. Let o be l(7). Let g be n(o). Let w be 21 + -1 - g - 2. What is the greatest common divisor of 7 and w?
7
Let v be (1/5)/(2/10). What is the highest common divisor of 5 and v?
1
Let v(b) = b**3 - b + 2. Let m be v(0). Let o = -5 + 15. Calculate the highest common divisor of o and m.
2
Suppose -3*x = 2*d, 6*x - 3*x - 12 = 0. Let u be (d/8)/(2/(-168)). Calculate the greatest common factor of u and 7.
7
Let w be 0/(-1) + (12 - 0). Suppose -7 = 2*y + 1, -4*g + y + 716 = 0. Suppose -2 = -3*j + g. Calculate the highest common divisor of w and j.
12
Suppose -7*p = -6*p - 63. Calculate the greatest common factor of 21 and p.
21
Let g(q) = -5*q**2 - 5*q + 1 + 2 + q + 5*q + q**3. Let r be g(5). What is the greatest common factor of r and 32?
8
Suppose -2*x + 24 = 2*x. Suppose 955 = x*u - u. Suppose 11 = -4*r + u. Calculate the greatest common factor of 18 and r.
9
Suppose 0 = -r - 36 + 90. What is the highest common factor of 6 and r?
6
Let g = -47 + 227. Suppose 4*p = 4*z + g, 2*p + 0*z - 90 = 3*z. Calculate the highest common divisor of 15 and p.
15
Suppose -75 - 40 = -5*j. What is the greatest common divisor of 46 and j?
23
Let d be 110/8 - 1/(-4). What is the greatest common divisor of 42 and d?
14
Suppose 2 + 1 = s. Suppose 3*i - m = 8, m + m = s*i - 7. Suppose 0 = 2*y, -6*y + i*y = 3*d - 45. Calculate the highest common factor of 6 and d.
3
Let z be (4 + -6)*(-4 - 0). Calculate the highest common divisor of z and 1.
1
Let g(o) = 4*o + 24. Let y be g(9). Let t = -26 + 38. What is the greatest common factor of y and t?
12
Suppose -2*c - 32 = -3*c. Let w(o) = o - 5. Let q be w(5). Suppose -2 = -k - q*g - g, -5*k + g = -22. Calculate the greatest common divisor of k and c.
4
Let w be 27 - (5 - 2)/3. Suppose -3*a = -5*h - 54, a = -a + h + 29. What is the greatest common divisor of w and a?
13
Suppose -2*n + 78 - 24 = 0. Let i = -12 + n. What is the greatest common divisor of i and 6?
3
Let a = -16 - -29. What is the greatest common divisor of a and 13?
13
Let p(h) = -2*h + 1 - h - 2 + 4*h. Let a be p(-8). Let t be (-3)/((a/12)/1). Calculate the highest common divisor of t and 4.
4
Let f = 5 + 3. Calculate the highest common divisor of 32 and f.
8
Let q = -4 + 8. Let a be (-1484)/12 - q/(-6). Let j be 1/(-2) - a/6. Calculate the highest common factor of j and 5.
5
Suppose 33 = 9*l - 8*l. Calculate the highest common divisor of 11 and l.
11
Let w = 29 - 17. Let z be -1*1*(-537)/(-3). Let n = -95 - z. What is the highest common divisor of w and n?
12
Suppose -3*c + 46 = n, -3*c - 3*n + 31 = -23. Let q be (-2)/(-7) + 66/c. Let z be ((-75)/(-2))/((-3)/(-4)). What is the greatest common divisor of q and z?
5
Suppose 22 = -5*q + 3*y - 9, -2*q = 3*y + 25. Let n be ((-14)/(-8))/((-2)/q). Let p = 10 - n. Calculate the highest common factor of p and 12.
3
Let s(n) = -n + 45. Let a be s(0). Suppose -a = -2*f - f. What is the greatest common factor of 5 and f?
5
Suppose 10*m - 5*m + 30 = 0. Let t = m + 10. Suppose -d - 14 = -w, -29 = -w - 0*w + t*d. Calculate the greatest common divisor of w and 9.
9
Suppose 3*q + 29 - 6 = 4*f, 5*f = 3*q + 25. Calculate the highest common factor of 14 and f.
2
Suppose -2*o - 60 = -8*o. Calculate the highest common divisor of o and 25.
5
Let p = 56 - 36. Let r = 109 - -71. Calculate the highest common factor of r and p.
20
Let n = -8 - -20. What is the highest common factor of 60 and n?
12
Let q(u) = -21*u**3 - u**2 + u + 1. Let f be q(-1). Calculate the greatest common divisor of 100 and f.
20
Suppose 5*b - l = 2*l + 72, -3*l = 3*b - 24. Calculate the highest common factor of b and 60.
12
Suppose -5*z + 50 = 2*y, -4*y = z + 10 - 2. Let o = z - 0. Let n be -2*42/8*-8. Calculate the greatest common divisor of n and o.
12
Let n be (-926)/(-11) - (-32)/(-176). Calculate the highest common factor of 21 and n.
21
Let a = 27 + -21. Let f(o) = 5*o + 12. Let t be f(a). What is the highest common factor of 14 and t?
14
Suppose 12 = 5*b - 43. Suppose 5 = -4*c - b. Let y = 7 + c. What is the greatest common factor of 15 and y?
3
Let l = -5 + 12. Suppose 6*h - 3 = 2*h + 3*u, u = -2*h - 1. Suppose 3*v - 7*v + 114 = -2*d, h = 4*v + 3*d - 109. What is the highest common divisor of v and l?
7
Let w be (-70)/(0 + (3 - 2) + -2). Calculate the greatest common factor of w and 14.
14
Suppose -4*q - 4 = 24. Let x(j) = j + 9. Let c be x(q). Calculate the highest common divisor of 16 and c.
2
Let s = 3 - 1. Let t = s + 5. What is the highest common factor of t and 35?
7
Let y be 21/2*(-48)/18. Let n = 42 + y. What is the greatest common divisor of n and 28?
14
Let a(y) = y**3 + 11*y**2 + y + 14. Let g be a(-11). Let k be (-36)/(-24)*56/g. Calculate the highest common factor of 42 and k.
14
Suppose 12*y + 0*y - 1104 = 0. Calculate the highest common factor of 23 and y.
23
Suppose 3*u - 2 = 4*u. Let c be (2 - 0) + u - -58. Suppose -5*l + c = -12. What is the highest common divisor of l and 56?
14
Let k be (8/(-2))/((-3)/9). Suppose -3*m = -4*c + 2*m + 518, -3*m = 5*c - 666. Calculate the highest common divisor of k and c.
12
Let p(x) = x + 1. Let b be p(-7). Let n(d) = -d**3 - 5*d**2 + 3*d + 2. Let g be n(b). Calculate the greatest common divisor of g and 30.
10
Let b be (-1)/((4/(-84))/1). Let a = b + 0. Calculate the highest common factor of a and 3.
3
Suppose -2*w = -4*b - 28, 6 = -2*b - 2. Calculate the greatest common divisor of w and 2.
2
Suppose h - 18 = 27. What is the greatest common divisor of h and 9?
9
Let z(x) = -24*x**3 + x**2 - x. Let o be -6*2/4 + 4. Let j be z(o). Let d be (7/14)/((-2)/j). What is the highest common factor of 48 and d?
6
Let x be 5*(-2)/(10/(-153)). Let p = -5 - -22. What is the greatest common divisor of x and p?
17
Supp